 = -2*x - m. Calculate the remainder when x is divided by 20.
18
Suppose 2*a - 138 = -4*a. Calculate the remainder when a is divided by 8.
7
Suppose 0 = 4*r - 3*n - 9 + 3, 4*n - 23 = -5*r. Calculate the remainder when 14/4*(2 - 0) is divided by r.
1
Let r(i) = -i**2 - 3*i - 2. Let b be r(-2). Suppose 0*d + 4*d - 104 = b. Calculate the remainder when d is divided by 9.
8
Suppose 2*d - 33 = -l + d, -3*l + 96 = 2*d. What is the remainder when l is divided by (13 + -1)*8/6?
14
Let w = 142 - 56. What is the remainder when w is divided by 22?
20
Let z(a) = -5*a + 2. Let r be z(-8). Suppose g - r = -g. Suppose -y + 5*y = 44. What is the remainder when g is divided by y?
10
What is the remainder when 40 is divided by -2 + -2 + 14/2?
1
Suppose -3*f = 2*r - 27, 0 = 5*r - 3*r - 2*f - 32. Calculate the remainder when 114/(-8)*1*-4 is divided by r.
12
Let i(d) = -d**3 - 10*d**2 + 12*d + 15. Let u be i(-11). Suppose 144 = u*r - 8. Calculate the remainder when r is divided by 8.
6
Suppose 0 = -f - c + 20, 0*f + 58 = 3*f + 4*c. Let g(o) = -o**3 + 4*o**2. Let u = 1 - -1. Calculate the remainder when f is divided by g(u).
6
Suppose 2*c - 63 = -3*x, -c + 4*x - 2*x = -14. What is the remainder when 47 is divided by c?
23
Let n be (-10)/((0 - 0) + -1). What is the remainder when 5 is divided by n/3 + 1/(-3)?
2
Suppose 146 = 5*v - 14. Suppose -5*x + x = -v. Suppose -t + 51 = c, -3*t - x*c + 161 = -3*c. Calculate the remainder when t is divided by 12.
11
Let p be -2 + -3*14 + -2. Suppose -3*k = -22 - 8. Calculate the remainder when k is divided by (-3)/(-12) - p/8.
4
Suppose 0 = 6*d - 0*d - 336. What is the remainder when d is divided by 20?
16
Let f = 1 - 1. Suppose f = -4*u + 84 - 12. Let t(g) = 53*g**3 - g**2 + 2*g - 1. Calculate the remainder when t(1) is divided by u.
17
Let a be 4/2 - (-59 - -2). Let j = -35 + a. Calculate the remainder when j is divided by 13.
11
Let s(c) = -3*c + 11. Let v = 5 - 15. Let q(h) = 5*h**2 + 4*h + 2. What is the remainder when s(v) is divided by q(-2)?
13
Suppose y - 3*i - 93 = 0, 2*y - 3*y - 4*i + 93 = 0. Suppose 4*o = y + 7. What is the remainder when o is divided by 9?
7
What is the remainder when 56 is divided by -3 + 3 - 58/(-2)?
27
Let s be -14*(-7)/4*2. Suppose -5*k + s = -66. What is the remainder when k is divided by 6?
5
Let c(h) = -2*h - 3. Let s = -6 + 3. Calculate the remainder when 8 is divided by c(s).
2
Let w(i) = 3*i - 13. Calculate the remainder when (26/(-4))/((-5)/30) is divided by w(9).
11
Let x(y) = -y**2 + 8*y - 9. What is the remainder when 10 is divided by x(6)?
1
Let a(q) = 14*q**2 + 2*q - 1. What is the remainder when 58 is divided by a(1)?
13
Let l(f) = f**3 - 2*f - 7. Calculate the remainder when l(5) is divided by 10.
8
Let n(t) = -t**2 + t + 10. Suppose 6*j = 137 + 97. What is the remainder when j is divided by n(0)?
9
Let t(n) = n**2 + 3*n - 6. Let f be 15/(-10)*(1 + -11). Suppose -w - f = -4*w. What is the remainder when t(w) is divided by 12?
10
Suppose 5*j - 78 = 27. Calculate the remainder when (3 + -3 - -1) + j is divided by 8.
6
Let j(v) = 40*v**2 - v + 1. What is the remainder when j(1) is divided by 15?
10
Let v = 222 - 208. What is the remainder when 23 is divided by v?
9
Suppose g - 22 = 3*j, 5*j + 90 = 3*g + 2*g. Calculate the remainder when 46 is divided by g.
14
Suppose -3*b = -4*b - 3. Let d = b + 9. Let k(f) = -f + 12. What is the remainder when 17 is divided by k(d)?
5
Let u = -15 + 25. Suppose 2*q - 12 = -m + 1, 4*q - 19 = 5*m. Calculate the remainder when u is divided by q.
4
Let a = -4 - -1. Calculate the remainder when 28 is divided by (a + 2 - -2) + 9.
8
Let b be (5 - 67)*(3 + -2). Let w = b - -100. What is the remainder when w is divided by 13?
12
Suppose -8*a = a - 81. Let v = 0 + 5. What is the remainder when a is divided by v?
4
What is the remainder when (3 + 11)*1/2 is divided by 5?
2
Let f be (-6)/6 + (-4)/(-2). Suppose -3*g - f + 7 = 0. Let a = 4 - g. Calculate the remainder when a is divided by 1.
0
What is the remainder when -5*(1 + -2)*(0 + 5) is divided by 14?
11
Let t = -7 + 15. Calculate the remainder when 13 is divided by t.
5
Suppose u = -0*u + 8. What is the remainder when 34/(-119) - (312/(-14) - 1) is divided by u?
7
Suppose -104 - 61 = -15*v. What is the remainder when 97 is divided by v?
9
Let j(u) = u**2 + 4*u + 15. What is the remainder when 78 is divided by j(-6)?
24
Suppose -x + 7 = 2. Suppose -89 + 34 = -x*i. What is the remainder when (-2 - (-21 - 2)) + 0 is divided by i?
10
Suppose 0 = 7*t + 2*t - 711. Calculate the remainder when t is divided by 41.
38
Let u = 14 + -7. Let y(d) = d**3 - 6*d**2 - 7*d + 3. Suppose -l - 2*n = -3, 2*l + l - n - 23 = 0. Calculate the remainder when l is divided by y(u).
1
Suppose 2*j - 3*l + 2 = 3, 5*j + l - 11 = 0. Calculate the remainder when j is divided by 1.
0
Suppose 4*l - 21 = 19. What is the remainder when 17 is divided by l?
7
Let f = 8 + -4. Let l be f/(-3)*6/(-2). Suppose -5*r = -4*k + 16 + 32, l*r - 24 = -2*k. Calculate the remainder when 23 is divided by k.
11
Suppose 0 = -a, -2*u - 5*a = 1 - 3. Let p = u - -1. Calculate the remainder when 5 is divided by p.
1
Let x = 14 - -1. Calculate the remainder when 26 is divided by x.
11
Suppose -5*g + 4*g = -69. Let d = g + -39. Suppose 2*j - 3*j + 5 = 0, -j = -2*a + 27. What is the remainder when d is divided by a?
14
Suppose -3*t + 4 + 5 = 0. Suppose 2*k - 30 - 58 = 0. Suppose f - k = -t*f. What is the remainder when 31 is divided by f?
9
Let x(q) = -7*q + 4. Calculate the remainder when 96 is divided by x(-3).
21
Suppose -6*z + 51 = -3*z. Suppose 2*j = 4*j - 6. Suppose -4*k + 29 = -j*k - 4*b, -k + 64 = 3*b. What is the remainder when k is divided by z?
15
Suppose 4*i + j - 36 = 0, 2*i - 4*i + 5*j = -18. Calculate the remainder when 59 is divided by i.
5
Suppose -34 = -b + 6. Suppose -y + 12 = -0*y + r, 3*y - b = r. Calculate the remainder when y is divided by 5.
3
Let q(l) = -27*l - 2. What is the remainder when q(-5) is divided by 27?
25
Suppose 0 = 3*d + 18 + 3. Let g = d - -20. Calculate the remainder when 24 is divided by g.
11
Let a = -65 + 103. Let l = 63 - a. Suppose 0 = 5*r - u - 49, 3*r - r + u = 14. What is the remainder when l is divided by r?
7
Suppose -4*b - 4*u = -0*b - 148, 0 = 4*b + 5*u - 150. Calculate the remainder when 102 is divided by b.
32
Suppose -81 = -2*c - 4*s - 11, -4*c + 152 = -4*s. Calculate the remainder when c is divided by 14.
9
Let m(r) = -1 - r**2 + 10*r**3 - 14*r**3 + 5 + 5*r. What is the remainder when m(-3) is divided by 30?
28
Suppose -6 = y + 3. Calculate the remainder when 44 is divided by (70 - 1)*(-3)/y.
21
Let p = -1 - -5. Suppose 0 = -h + p*f + 39, f + 100 = 5*h - 0*f. Suppose -d + 4*d - 168 = 0. What is the remainder when d is divided by h?
18
Suppose 2*r - 6*r + 14 = -5*l, 0 = 2*l + r + 3. What is the remainder when 13 is divided by (2 - l)*2*1?
5
Suppose p - 3*r = 0, 3*p + 5*r - 21 = 49. What is the remainder when -1*18*(-14)/6 is divided by p?
12
Suppose 8 = 4*z + 2*v - 10, -z = 4*v + 13. What is the remainder when 12 is divided by z?
5
Let t(d) = 8*d - 8. Let u(a) = 7*a - 7. Let w(k) = -3*t(k) + 4*u(k). What is the remainder when (-46)/8*(-8)/1 is divided by w(4)?
10
Suppose -2*i = 5*z - 7*i - 100, i = -2*z + 37. Calculate the remainder when 74 is divided by z.
17
Let j be 2/2*(-1 + 0). Let v be -5 + 1*(3 + j). What is the remainder when 29 is divided by (6 + v)*(-20)/(-6)?
9
Suppose -5*r + 10 = 5*a, -3*a + 5*r = -2*a - 2. Let t = 5 - a. Suppose 48 = -t*n + 7*n. Calculate the remainder when n is divided by 7.
5
Suppose t + 2*t = 2*n + 570, -n + 373 = 2*t. Let v = t + -82. What is the remainder when 31 is divided by v/10 + 2/5?
9
Let y = -3 - -15. Suppose 14 + y = 2*o. Calculate the remainder when o is divided by 7.
6
Suppose 2*w = 3 + 1. Let v be w/(2/5) - 2. Suppose 175 = v*d + 2*d. What is the remainder when d is divided by 9?
8
Suppose 4*m = -5*d - 44, 3*m + 3*d = -0*d - 30. Calculate the remainder when (-2 + m/(-2))*1 is divided by 1.
0
Let v(s) = 12*s**2 + s. Let a(d) = d**2 + d - 1. Let o be a(1). Suppose -3*t + 6 = 0, 3*l - 17 = -4*t + 12. What is the remainder when v(o) is divided by l?
6
What is the remainder when (-759)/(-6) - (-1)/2 is divided by 32?
31
Let g be 3*(-3)/12*-4. Suppose -2*i + 2*b + 73 =